e the remainder when h(-2) is divided by s.
2
Calculate the remainder when 42 is divided by (51/68)/((-9)/(-132)).
9
Suppose k - 2 + 4 = o, -4*k - 4*o - 48 = 0. Calculate the remainder when (-7 - -14)*(-30)/k is divided by 11.
8
Let v(q) = -q**3 - 7*q - 13. Let l be v(-4). Suppose -6*i + l + 65 = 0. Calculate the remainder when i is divided by 13.
11
Let f(n) = n**2 + 11*n - 2. Let y be f(-9). Let r = 31 + y. Let p = -15 + 47. Calculate the remainder when p is divided by r.
10
Suppose 2*g - 18 = 4*r, 4*g - 1 - 11 = -4*r. Let f be (-1)/((-1)/(-2 + 0)). Calculate the remainder when g is divided by -9*((-10)/(-6) + f).
2
Suppose -3*d = 4*n + 504, 2*n = d - 3 - 239. Suppose a - 7 = 14. What is the remainder when (n/(-2))/((-18)/(-24)) is divided by a?
19
Suppose 7*y = 299 + 2270. Let i = y - 204. What is the remainder when i is divided by 41?
40
Let g(n) = 11*n**2 - n - 4. Let y be g(-4). Let z = y + 35. Suppose 0 = 4*k + j - z, -20 - 108 = -2*k + 4*j. Calculate the remainder when k is divided by 28.
26
Let t = -58 - -74. Let y(h) = 2*h**2 - 7*h + 10. Calculate the remainder when y(9) is divided by t.
13
Let s(c) = 4*c + 15. Suppose 4*b = 4*w + 13 + 15, 4*b - 28 = 5*w. What is the remainder when s(b) is divided by 12?
7
Suppose -5*q + 54 = -p, p = 6*p + 20. Let s be (-3)/(36/8)*21. What is the remainder when q is divided by (-80)/s - 40/(-140)?
4
Suppose 3*n = 94 - 40. Suppose 166 + n = 8*i. What is the remainder when 86 is divided by i?
17
Let i = -476 - -479. Suppose -3*t = -6*t + 24. What is the remainder when t is divided by i?
2
Let r be -1 + -2*(-1)/(-2). Let c = r - -9. Let k(i) = i**3 - 7*i**2 - 8*i + 3. Calculate the remainder when c is divided by k(8).
1
Suppose -2*t - a + 102 = 0, 3*t + 4*a - 89 = 69. Suppose 5*k - 3*h = t, k = -3*k - 2*h + 40. Let r = 30 - 11. Calculate the remainder when r is divided by k.
9
Suppose -5*a + 2*p = 48, a = 3*p + 4 - 11. Suppose 108 - 32 = -2*g. Let u = a - g. Calculate the remainder when 109 is divided by u.
25
Let j(q) = q**3 + 4*q**2 - 8*q + 7. Suppose -3*m + 396 = -66. Calculate the remainder when m is divided by j(-4).
37
Suppose 4*f - 59 = 45. Let g(d) = d**3 + 10*d**2 + 13*d - 15. Let p(o) = -o**2 + 11*o - 18. Let b be p(10). Calculate the remainder when f is divided by g(b).
8
Suppose -2112 = -31*r - 13*r. What is the remainder when 765 is divided by r?
45
Let i = -28 - -75. Let y = 76 - 52. Calculate the remainder when i is divided by y.
23
Suppose u + 2*u = f + 47, 5*u - 3*f = 81. Suppose -4*x + 4 = 0, -l - 4*x = -2*l + u. Calculate the remainder when 36 is divided by l.
17
Suppose 72 = 18*n - 15*n. What is the remainder when n is divided by 50/(-4)*(-4)/5?
4
Let s = -5 - -3. Let v(y) = 2*y**2 - 3*y - 1. Suppose 2*w = 18 + 32. What is the remainder when w is divided by v(s)?
12
Suppose 3*k + 571 = 1318. Calculate the remainder when k is divided by 6.
3
Suppose 123*d + 2780 = 127*d. What is the remainder when d is divided by 8?
7
Suppose -q = 2*q - 36. Suppose -q = 4*n - 72. What is the remainder when 73 is divided by n?
13
Suppose -4*a = 3*q - 85, 0 = -3*q + 28*a - 30*a + 83. What is the remainder when 429 is divided by q?
24
Let v(y) = 82*y + 151. What is the remainder when 1202 is divided by v(3)?
11
Let g(u) = 8*u**2 - 5*u + 4. Let a(h) = 4 - 8 + h**2 - 5 + 10*h - 16*h**2. Let k(r) = 2*a(r) + 5*g(r). Calculate the remainder when k(3) is divided by 20.
17
Suppose 409 = 5*a + 3*p, -2*a = 4*p + 28 - 200. Calculate the remainder when a is divided by 7.
3
Suppose -3*s = 0, 2*r - 4*s - 68 = 12. What is the remainder when 196 is divided by r?
36
Let c(d) = d**3 - 4 - 9*d - 5 + 6*d**2 + 1 + 2. Let b be 14*(-3 - (-15)/6). What is the remainder when 13 is divided by c(b)?
5
Let s = -5 - -5. Suppose 2*i - 8 = -w, -5*i = -4*w + 7*w - 22. Suppose t + 0*t - w = s. What is the remainder when 11 is divided by t?
3
Let s(c) = c**2 + 3*c - 3. Let l be s(3). Suppose 200 = -11*x + l*x. Suppose 0 = 11*h - 16*h + x. Calculate the remainder when h is divided by 4.
2
Let v(z) = -12*z + 9. Let w be v(-6). Suppose 4*g + 1 = w. Calculate the remainder when 98 is divided by g.
18
Let a(o) = 15*o**2 - 8*o - 9*o**2 - 12 - 5*o**2. Let h be a(10). Suppose -h*c + 11*c - 78 = 0. What is the remainder when c is divided by 9?
8
Suppose 39*p - 437 = 499. Calculate the remainder when 301 is divided by p.
13
Let w = -30 + 76. Suppose 8*u = -w - 10. Let n = u + 16. What is the remainder when n is divided by 6?
3
Suppose 2*a - 273 = -197. What is the remainder when 96 is divided by a?
20
Let n be (-1)/5 - (-1652)/10. Suppose 4*c - n = 51. Suppose 6*o - 290 = -122. What is the remainder when c is divided by o?
26
Let r(c) = -c**2 + 10*c + 19. Let q be r(13). Let y = q + 22. What is the remainder when 2/(-2) - (-24 - y) is divided by 14?
11
Suppose -m + 2*m - 29 = k, -50 = 2*k + 2*m. Suppose -5*c + d = -197, -2*c + 35 + 53 = -5*d. Let l = c + k. Calculate the remainder when 45 is divided by l.
9
Let q = 101 + 249. What is the remainder when q is divided by 27?
26
Suppose 169 = 8*m - 87. Suppose 0 = -0*h + 2*h - 34. Calculate the remainder when m is divided by h.
15
Let p = 1450 - 1412. What is the remainder when p is divided by 31?
7
Suppose 2*d - 280 - 32 = 0. Suppose -4*q - 64 = -d. Let m(y) = -y**3 + y**2 - 2*y + 5. What is the remainder when q is divided by m(0)?
3
Let x = 8 + -8. Suppose 5*k - 241 = -x*k + 2*o, 0 = -5*o + 10. Suppose -5*c = 2*s - 122 + 31, -2*c + 2*s + 28 = 0. What is the remainder when k is divided by c?
15
Let p(s) = 9*s**3 + 3*s**2 - 2*s - 1. What is the remainder when p(2) is divided by -2*(42/(-273) + 694/(-52))?
25
Let u be 4/7 + (-1040)/(-91). What is the remainder when (81/(-6))/(u/(-72)) is divided by 21?
18
Suppose 177*m - 181*m + 448 = 0. Suppose 3*r = 5*p - 121, 5*p + 3*r - 113 = 2*r. What is the remainder when m is divided by p?
20
Let o(z) = -z**3 + 7*z**2 - 7*z + 8. Let p be o(6). Suppose 0 = 2*f - 2*g - 54, -p*f - 7 + 59 = -3*g. Calculate the remainder when f is divided by 16.
13
Let d = -5 - -23. Let b(t) = t**2 - 17*t - 8. What is the remainder when b(d) is divided by 2?
0
Let q(t) = -t**2 - t + 17. Let u(r) = 4*r**2 + 5*r - 68. Let f(d) = 9*q(d) + 2*u(d). Calculate the remainder when 66 is divided by f(0).
15
Let w = 2 + 8. Let a(f) = 5*f**3 + f**2 - f + 1. Let o be a(2). Let i = o + -15. Calculate the remainder when i is divided by w.
8
Suppose 4*r + 11 + 1 = 0. Let u(s) = s + 13. Let a(q) = -q - 12. Let l(x) = r*a(x) - 2*u(x). What is the remainder when 8 is divided by l(-5)?
3
Let n(s) = -11*s + 66. Let r be n(6). Suppose -3*w + 2*w + 12 = 0. Suppose w = u - d, 1 + r = -d. What is the remainder when 43 is divided by u?
10
Suppose 15 = l + 2*l, -s = -l + 1. Suppose -s*b - b = -195. Let f(h) = h + 12. Calculate the remainder when b is divided by f(-2).
9
Let r(l) = l**2 + 7*l + 18. Let v be r(-12). Suppose 3*o + 3*p - v = 0, -2*p - 26 = -o - 6. What is the remainder when 69 is divided by o?
21
Let i(g) = 7*g**2 - 2*g + 3. Let o(v) = -v**2 - 5*v + 8. Let s be o(-6). What is the remainder when i(s) is divided by (-1 - (1 + -2)) + 14?
13
Suppose 7*a + 43*a = 3350. What is the remainder when a is divided by 14?
11
What is the remainder when 95 is divided by (-113)/(-7) + (-8)/56?
15
Let t(h) = h**3 + 12*h**2 - 12*h + 27. Calculate the remainder when 4225 is divided by t(-13).
11
Suppose 0 = -2*k + 6*a - a + 9, -13 = -5*k + 3*a. Suppose 0 = -k*g - 0 + 78. Calculate the remainder when g is divided by 8.
7
Suppose i + 4 = 2*i. Let h(m) = i*m + 13*m + 2 - 1. What is the remainder when h(1) is divided by 10?
8
Let x = 418 + -145. Calculate the remainder when x is divided by 47.
38
Let i be 51/45 - (-12)/(-90). Let f be -3 - (-62 + 1 + i). Let a = f - -7. Calculate the remainder when a is divided by 13.
12
Let j(i) = -45*i + 23. Calculate the remainder when j(-3) is divided by 9.
5
Suppose 0 = -15*c + 8*c + 140. Calculate the remainder when 50 is divided by c.
10
Suppose 300 = 2*u + 8*u. What is the remainder when u is divided by 9?
3
Let w = 453 + -409. Calculate the remainder when w is divided by 19.
6
Let j be ((-10)/(-25))/((-2)/5). Calculate the remainder when 50 is divided by (119/28)/(j/(-4)).
16
Suppose -1 = -z - 3. What is the remainder when 22 + -26 - 56/z is divided by 15?
9
Let c = -642